 is 160 + -5?
154
In base 2, what is -10110101101000 - -10?
-10110101100110
In base 3, what is 20 + -212?
-122
In base 12, what is -391 - 4?
-395
In base 15, what is -901 - 2?
-903
In base 15, what is -2 + -205?
-207
In base 14, what is 0 + 151?
151
In base 14, what is -350 + c?
-342
In base 9, what is -6 - 68?
-75
In base 11, what is 333 - 2?
331
In base 12, what is -1b + 0?
-1b
In base 7, what is 2541 + 1?
2542
In base 9, what is -108 + 3?
-105
In base 7, what is 1 - -34?
35
In base 10, what is -23 - -12?
-11
In base 5, what is 322 - -2?
324
In base 7, what is -6 - -10432?
10423
In base 3, what is 10 - 202102?
-202022
In base 13, what is 5 + -1302?
-12ca
In base 15, what is -2 - -125d?
125b
In base 14, what is a - -ab?
b7
In base 5, what is -4232 + 3?
-4224
In base 7, what is 11 + -33?
-22
In base 12, what is 2 - -203?
205
In base 2, what is -10 - -100010100?
100010010
In base 7, what is -4 + 4604?
4600
In base 8, what is 27 + -2?
25
In base 4, what is -230 + -221?
-1111
In base 2, what is 1100111111 - -10?
1101000001
In base 7, what is -133 - 4?
-140
In base 16, what is -5b + -2?
-5d
In base 8, what is -1324 + -5?
-1331
In base 4, what is -12102 + 0?
-12102
In base 16, what is -3 - 4d?
-50
In base 16, what is 0 - dc?
-dc
In base 13, what is -346 - 2?
-348
In base 2, what is -1 + -10101010?
-10101011
In base 7, what is -5 - -301?
263
In base 4, what is 32 + -23003?
-22311
In base 7, what is -434 - 1?
-435
In base 13, what is 1 + 72c?
730
In base 3, what is -1002102 + 101?
-1002001
In base 8, what is -1 + 7325?
7324
In base 2, what is 100111011001 + -10?
100111010111
In base 2, what is 100 - -100100?
101000
In base 15, what is -146 - 9?
-150
In base 13, what is -a3 + -9?
-ac
In base 16, what is -4b + -8?
-53
In base 15, what is -5 - -d4?
ce
In base 5, what is -3 + -10011?
-10014
In base 7, what is 323 - 35?
255
In base 14, what is 4 + -3b?
-37
In base 2, what is 110100000 + -10011?
110001101
In base 9, what is 47 + 201?
248
In base 8, what is -14422 + 4?
-14416
In base 14, what is -15d - -1?
-15c
In base 14, what is -6263 + -5?
-6268
In base 11, what is -10a18 + 4?
-10a14
In base 12, what is 2095 + 0?
2095
In base 10, what is 25 + -18?
7
In base 4, what is -2100 - -2?
-2032
In base 13, what is 2 - 379?
-377
In base 16, what is -9f9 - 1?
-9fa
In base 14, what is -68 + 5?
-63
In base 16, what is -3 + -2e8?
-2eb
In base 16, what is 5 + 257?
25c
In base 16, what is -173 - 0?
-173
In base 11, what is 0 - -34?
34
In base 10, what is -4 + 2985?
2981
In base 14, what is -7 + -d9?
-102
In base 8, what is 50 - 4?
44
In base 9, what is 0 - 6102?
-6102
In base 2, what is 100 - -100000111?
100001011
In base 7, what is 534 + 0?
534
In base 5, what is -1130 + -2?
-1132
In base 14, what is 5 + 1ac?
1b3
In base 7, what is -4 + -1602?
-1606
In base 2, what is 11011011 + 10?
11011101
In base 8, what is -3 + 257?
254
In base 7, what is 15 + 1102?
1120
In base 7, what is -5 - -31?
23
In base 9, what is -14 - 13?
-27
In base 7, what is -44 - -2?
-42
In base 7, what is -125400 - -3?
-125364
In base 8, what is -5 - -152?
145
In base 7, what is -4 - 4555?
-4562
In base 13, what is 3 - 1ba?
-1b7
In base 9, what is -11803 - -2?
-11801
In base 9, what is 0 + -624?
-624
In base 2, what is 111001 + -11?
110110
In base 15, what is 2 + e?
11
In base 8, what is 1537 - -5?
1544
In base 7, what is 664 - -5?
1002
In base 8, what is 36 - 0?
36
In base 10, what is -2416 - 1?
-2417
In base 15, what is 4 - -2c3?
2c7
In base 4, what is 1031 - -1102?
2133
In base 11, what is -25 + -32?
-57
In base 3, what is -1022 + 10010?
1211
In base 9, what is -53 - -6?
-46
In base 16, what is ff + f?
10e
In base 4, what is -113 - -10?
-103
In base 4, what is -20230 + -202?
-21032
In base 15, what is -2 - 326?
-328
In base 16, what is -10d - -2?
-10b
In base 5, what is 143300 + -10?
143240
In base 13, what is 5c + -6?
56
In base 7, what is -62 + -16?
-111
In base 5, what is -2201 - -42?
-2104
In base 14, what is 228 + 1?
229
In base 9, what is -358 + -1?
-360
In base 8, what is 647 + 6?
655
In base 2, what is -10 + -10001010?
-10001100
In base 15, what is -e0 + 7?
-d8
In base 8, what is -5 + 472?
465
In base 9, what is -2 + 62?
60
In base 14, what is -183 + -1?
-184
In base 15, what is 30 + 7?
37
In base 8, what is -35 - -7?
-26
In base 15, what is -4e4a + 4?
-4e46
In base 12, what is -30 - 6?
-36
In base 6, what is -4440 + -5?
-4445
In base 4, what is -21 + 20?
-1
In base 12, what is 447 + -4?
443
In base 13, what is -33 - -27b?
248
In base 13, what is 52 - 74?
-22
In base 12, what is b6 + -2?
b4
In base 3, what is 120 - 1?
112
In base 7, what is 5 - 35?
-30
In base 15, what is 1 - -52?
53
In base 4, what is 11103 - -20?
11123
In base 6, what is 5240 - 10?
5230
In base 2, what is 1 + 1000000000?
1000000001
In base 16, what is -933 + -1?
-934
In base 3, what is 10 + -11020?
-11010
In base 15, what is 5 + 4?
9
In base 15, what is -73 - 5?
-78
In base 7, what is 223 - 4?
216
In base 13, what is -5 - 232?
-237
In base 12, what is 1121 + 1?
1122
In base 15, what is -a - -31e?
314
In base 4, what is -212 - 200?
-1012
In base 7, what is 4433 + -5?
4425
In base 3, what is 212 - -10?
222
In base 2, what is 11000 + 1010010?
1101010
In base 7, what is -35 + 5?
-30
In base 13, what is 0 - -3cc0?
3cc0
In base 4, what is -13032 - -11?
-13021
In base 9, what is 4 - 17?
-13
In base 3, what is -1021011 - -2?
-1021002
In base 4, what is 10 - -31321?
31331
In base 16, what is -1 - 28?
-29
In base 16, what is -2 - 2b?
-2d
In base 4, what is -22 + -313230?
-313312
In base 5, what is 0 + -224?
-224
In base 8, what is 2 - 1664?
-1662
In base 8, what is 603 + -4?
577
In base 12, what is 3 - 137b?
-1378
In base 2, what is 110010101 + -100?
110010001
In base 16, what is dd + 77?
154
In base 8, what is -1 + 2761?
2760
In base 5, what is -143 - 112?
-310
In base 9, what is -542 + -10?
-552
In base 11, what is 84 + -2?
82
In base 12, what is -3 - -15?
12
In base 11, what is -20a - 11?
-220
In base 14, what is -9 + 16?
b
In base 4, what is 21030 + -2?
21022
In base 4, what is 1 + -1010?
-1003
In base 12, what is -2a4 - 57?
-33b
In base 12, what is -bb + -3?
-102
In base 7, what is 30 + -46?
-16
In base 7, what is 0 - -36?
36
In base 16, what is -5 + 9e?
99
In base 12, what is 40 - 3?
39
In base 8, what is -14 + 155?
141
In base 13, what is -1 - -4c?
4b
In base 7, what is -2640 + -11?
-2651
In base 14, what is -3 - 14?
-17
In base 10, what is -15 - 0?
-15
In base 8, what is -23 + 4?
-17
In base 13, what is -1744 + 1?
-1743
In base 6, what is 1112 + -1?
1111
In base 6, what is 1540 + 1?
1541
In base 13, what is 22 + -8?
17
In base 3, what is -2122120 + 2?
-2122111
In base 5, what is 3001 + 2?
3003
In base 14, what is d - 5?
8
In base 15, what is -9ca - 5?
-9d0
In base 5, what is 244 + -3?
241
In base 5, what is 3 + 112314?
112322
In base 7, what is 1 + 130?
131
In base 12, what is 3 + -2103?
-2100
In base 16, what is 8f + -4?
8b
In base 10, what is 116 - -26?
142
In base 7, what is -145 - -14?
-131
In base 16, what is 4 + dc5?
dc9
In base 12, what is -4b + -37?
-86
In base 3, what is 12111 - 0?
12111
In base 2, what is 1010010 + -11011001?
-10000111
In base 8, what is -1555 - 44?
-1621
In base 8, what is 772 - 0?
772
In base 11, what is 160 + 12?
172
In base 16, what is 73 - 9?
6a
In base 10, what is -8 - -3?
-5
In base 10, what is -4 + -11?
-15
In base 12, what is 21 - 0?
21
In base 11, what is -1 - 53?
-54
In base 13, what is 6 - 24?
-1b
In base 12, what is -4 + 127?
123
In base 15, what is -b02 + 3?
-aee
In base 10, what is 2 + -59?
-57
In base 5, what is 3014 + 1?
3020
In base 13, what is 22b + 4?
232
In base 15, what is -c + -2a?
-37
In base 13, what is b4 + -16?
9b
In base 11, what is -1 - -a4?
a3
In base 3, what is 1 + -122?
-121
In base 5, what is -1324 + -14?
-1343
In base 3, what is -2 - -11220?
11211
In base 7, what is -1164 + -3?
-1200
In base 5, what is -32 + -11?
-43
In base 14, what is 1507 - 0?
1507
In base 10, what is 7 + 166?
173
In base 10, what is 2 - 2446?
-2444
In base 15, what is 90 - -4?
94
In base 2, what is -1110010 - -101?
-1101101
In base 2, what is 100 + -11111?
-11011
In base 3, what is -11 - 121?
-202
In base 10, what is -3 - 167?
-170
In base 13, what is -b4 - 139?
-220
In base 2, what is 10